{"id":2656,"date":"2020-06-08T14:15:41","date_gmt":"2020-06-08T14:15:41","guid":{"rendered":"https:\/\/bluenautic.com\/?page_id=2656"},"modified":"2022-02-24T15:56:32","modified_gmt":"2022-02-24T15:56:32","slug":"elementor-2656","status":"publish","type":"page","link":"https:\/\/bluenautic.com\/index.php\/elementor-2656\/","title":{"rendered":"Informacijski obrazac"},"content":{"rendered":"\t\t<div data-elementor-type=\"wp-page\" data-elementor-id=\"2656\" class=\"elementor elementor-2656\">\n\t\t\t\t\t\t<section class=\"elementor-section elementor-top-section elementor-element elementor-element-ead6d55 elementor-section-boxed elementor-section-height-default elementor-section-height-default\" data-id=\"ead6d55\" data-element_type=\"section\" data-e-type=\"section\">\n\t\t\t\t\t\t<div class=\"elementor-container elementor-column-gap-default\">\n\t\t\t\t\t<div class=\"elementor-column elementor-col-100 elementor-top-column elementor-element elementor-element-57efc7c\" data-id=\"57efc7c\" data-element_type=\"column\" data-e-type=\"column\">\n\t\t\t<div class=\"elementor-widget-wrap elementor-element-populated\">\n\t\t\t\t\t\t<div class=\"elementor-element elementor-element-b0197f3 elementor-widget elementor-widget-image\" data-id=\"b0197f3\" data-element_type=\"widget\" data-e-type=\"widget\" data-widget_type=\"image.default\">\n\t\t\t\t<div class=\"elementor-widget-container\">\n\t\t\t\t\t\t\t\t\t\t\t\t\t\t\t<img fetchpriority=\"high\" decoding=\"async\" width=\"735\" height=\"335\" src=\"https:\/\/bluenautic.com\/wp-content\/uploads\/2020\/05\/bnc12.png\" class=\"attachment-medium_large size-medium_large wp-image-699\" alt=\"\" srcset=\"https:\/\/bluenautic.com\/wp-content\/uploads\/2020\/05\/bnc12.png 735w, https:\/\/bluenautic.com\/wp-content\/uploads\/2020\/05\/bnc12-300x137.png 300w, https:\/\/bluenautic.com\/wp-content\/uploads\/2020\/05\/bnc12-600x273.png 600w, https:\/\/bluenautic.com\/wp-content\/uploads\/2020\/05\/bnc12-64x29.png 64w\" sizes=\"(max-width: 735px) 100vw, 735px\" \/>\t\t\t\t\t\t\t\t\t\t\t\t\t\t\t<\/div>\n\t\t\t\t<\/div>\n\t\t\t\t<div class=\"elementor-element elementor-element-5f3acfc elementor-widget elementor-widget-text-editor\" data-id=\"5f3acfc\" data-element_type=\"widget\" data-e-type=\"widget\" data-widget_type=\"text-editor.default\">\n\t\t\t\t<div class=\"elementor-widget-container\">\n\t\t\t\t\t\t\t\t\t<p>Bluenautic d.o.o<\/p>\n<p>Put Vodotica 16<\/p>\n<p>HR 23206 Sukosan<\/p>\n<p>OIB: HR 66647030386<\/p>\n<p>Tel: +385 23 394170<\/p>\n<p>info(at)marinepool-bluenautic.com<\/p>\n<p><strong>INFORMACIJSKI OBRAZAC ZA JEDNOSTRANI RASKID UGOVORA<\/strong><\/p>\n<p>Pravo na jednostrani raskid ugovora<\/p>\n<p>Potro\u0161a\u010d mo\u017ee jednostrano raskinuti u roku od 14 dana bez navo\u0111enja razloga. Da biste mogli ostvariti pravo na jednostrani raskid ugovora, morate nas obavijestiti o svojoj odluci o jednostranom raskidu ugovora prije isteka roka i to nedvosmislenom izjavom poslanom po\u0161tom, telefaksom ili elektroni\u010dkom po\u0161tom, u kojoj \u0107ete navesti svoje ime i prezime, adresu, broj telefona, telefaksa ili adresu elektroni\u010dke po\u0161te, a mo\u017eete koristiti i prilo\u017eeni primjer obrasca za jednostrani raskid ugovora. Pravo na jednostrani raskid ugovora po\u010dinje te\u0107i od datuma isporuke, tj. datuma za osobno preuzimanje po\u0161iljke. Ako jednostrano raskinete ovaj ugovor, izvr\u0161it \u0107emo povrat novca koji smo od Vas primili, uklju\u010duju\u0107i i tro\u0161kove isporuke, bez odga\u0111anja, a najkasnije u roku od 14 dana od dana kada smo zaprimili Va\u0161u odluku o jednostranom raskidu ugovora, osim ukoliko ste odabrali drugu vrstu isporuke. Povrat novca bit \u0107e izvr\u0161en na isti na\u010din na koji ste Vi izvr\u0161ili uplatu. U slu\u010daju da pristajete na drugi na\u010din povrata pla\u0107enog iznosa, ne snosite nikakve tro\u0161kove u odnosu na povrat. Robu mo\u017eete vratiti tvrtki Bluenautic d.o.o. bez nepotrebnog odga\u0111anja, a u svakom slu\u010daju najkasnije u roku od 14 dana od dana kada ste nam uputili Va\u0161u odluku o jednostranom raskidu ugovora. Izravne tro\u0161kove povrata robe morate snositi sami (ovisno o usluzi) ili \u0107emo ju preuzeti na vlastiti tro\u0161ak.<\/p>\n<p>PRIMJERAK OBRASCA O JEDNOSTRANOM RASKIDU UGOVORA<\/p>\n<p>1.Ime, prezime i adresa potro\u0161a\u010da ____________________________________________________<\/p>\n<p>2.Prima: Bluenautic d.o.o. , Put Vodotica 16, HR 23206 Sukosan<\/p>\n<p>3.Ja ______________________ ovim izjavljujem da jednostrano raskidam ugovor o prodaji sljede\u0107e<\/p>\n<p>robe\/za pru\u017eanje sljede\u0107e usluge (odabrati)_________________________, naru\u010dene\/primljene dana<\/p>\n<p>_______________<\/p>\n<p>4.potpis potro\u0161a\u010da:_______________________________<\/p>\n<p>(samo ako se ovaj obrazac ispunjava na papiru)<\/p>\n<p>5.datum:____________________________<\/p>\n<p>Primjerak obrasca za jednostrani raskid ugovora koji se nalazi na na\u0161oj mre\u017enoj stranici mo\u017eete<\/p>\n<p>elektroni\u010dki ispuniti i poslati na e-mail adresu:<a href=\"mailto:info@marinepool-bluenautic.com\" target=\"_blank\" style=\"background-color: rgb(255, 255, 255);\">info@marinepool-bluenautic.com<\/a><\/p>\n<p>Potvrdu primitka obavijesti o jednostranom raskidu ugovora dostavit \u0107emo Vam, bez odga\u0111anja,<\/p>\n<p>elektroni\u010dkom po\u0161tom.<\/p>\t\t\t\t\t\t\t\t<\/div>\n\t\t\t\t<\/div>\n\t\t\t\t\t<\/div>\n\t\t<\/div>\n\t\t\t\t\t<\/div>\n\t\t<\/section>\n\t\t\t\t<section class=\"elementor-section elementor-top-section elementor-element elementor-element-d2b9de7 elementor-section-boxed elementor-section-height-default elementor-section-height-default\" data-id=\"d2b9de7\" data-element_type=\"section\" data-e-type=\"section\">\n\t\t\t\t\t\t<div class=\"elementor-container elementor-column-gap-default\">\n\t\t\t\t\t<div class=\"elementor-column elementor-col-100 elementor-top-column elementor-element elementor-element-1b0d15d\" data-id=\"1b0d15d\" data-element_type=\"column\" data-e-type=\"column\">\n\t\t\t<div class=\"elementor-widget-wrap elementor-element-populated\">\n\t\t\t\t\t\t<div class=\"elementor-element elementor-element-db614a2 elementor-button-info elementor-widget elementor-widget-button\" data-id=\"db614a2\" data-element_type=\"widget\" data-e-type=\"widget\" data-widget_type=\"button.default\">\n\t\t\t\t<div class=\"elementor-widget-container\">\n\t\t\t\t\t\t\t\t\t<div class=\"elementor-button-wrapper\">\n\t\t\t\t\t<a class=\"elementor-button elementor-button-link elementor-size-md\" href=\"\" target=\"_blank\">\n\t\t\t\t\t\t<span class=\"elementor-button-content-wrapper\">\n\t\t\t\t\t\t<span class=\"elementor-button-icon\">\n\t\t\t\t<svg aria-hidden=\"true\" class=\"e-font-icon-svg e-fas-download\" viewBox=\"0 0 512 512\" xmlns=\"http:\/\/www.w3.org\/2000\/svg\"><path d=\"M216 0h80c13.3 0 24 10.7 24 24v168h87.7c17.8 0 26.7 21.5 14.1 34.1L269.7 378.3c-7.5 7.5-19.8 7.5-27.3 0L90.1 226.1c-12.6-12.6-3.7-34.1 14.1-34.1H192V24c0-13.3 10.7-24 24-24zm296 376v112c0 13.3-10.7 24-24 24H24c-13.3 0-24-10.7-24-24V376c0-13.3 10.7-24 24-24h146.7l49 49c20.1 20.1 52.5 20.1 72.6 0l49-49H488c13.3 0 24 10.7 24 24zm-124 88c0-11-9-20-20-20s-20 9-20 20 9 20 20 20 20-9 20-20zm64 0c0-11-9-20-20-20s-20 9-20 20 9 20 20 20 20-9 20-20z\"><\/path><\/svg>\t\t\t<\/span>\n\t\t\t\t\t\t\t\t\t<span class=\"elementor-button-text\">Click here: download form<\/span>\n\t\t\t\t\t<\/span>\n\t\t\t\t\t<\/a>\n\t\t\t\t<\/div>\n\t\t\t\t\t\t\t\t<\/div>\n\t\t\t\t<\/div>\n\t\t\t\t\t<\/div>\n\t\t<\/div>\n\t\t\t\t\t<\/div>\n\t\t<\/section>\n\t\t\t\t<\/div>\n\t\t","protected":false},"excerpt":{"rendered":"<p>Bluenautic d.o.o Put Vodotica 16 HR 23206 Sukosan OIB: HR 66647030386 Tel: +385 23 394170 info(at)marinepool-bluenautic.com INFORMACIJSKI OBRAZAC ZA JEDNOSTRANI RASKID UGOVORA Pravo na jednostrani raskid ugovora Potro\u0161a\u010d mo\u017ee jednostrano raskinuti u roku od 14 dana bez navo\u0111enja razloga. Da biste mogli ostvariti pravo na jednostrani raskid ugovora, morate nas obavijestiti o svojoj odluci o&hellip;<\/p>\n","protected":false},"author":1,"featured_media":0,"parent":0,"menu_order":0,"comment_status":"closed","ping_status":"closed","template":"","meta":{"_themeisle_gutenberg_block_has_review":false,"footnotes":""},"class_list":["post-2656","page","type-page","status-publish","hentry"],"_links":{"self":[{"href":"https:\/\/bluenautic.com\/index.php\/wp-json\/wp\/v2\/pages\/2656","targetHints":{"allow":["GET"]}}],"collection":[{"href":"https:\/\/bluenautic.com\/index.php\/wp-json\/wp\/v2\/pages"}],"about":[{"href":"https:\/\/bluenautic.com\/index.php\/wp-json\/wp\/v2\/types\/page"}],"author":[{"embeddable":true,"href":"https:\/\/bluenautic.com\/index.php\/wp-json\/wp\/v2\/users\/1"}],"replies":[{"embeddable":true,"href":"https:\/\/bluenautic.com\/index.php\/wp-json\/wp\/v2\/comments?post=2656"}],"version-history":[{"count":18,"href":"https:\/\/bluenautic.com\/index.php\/wp-json\/wp\/v2\/pages\/2656\/revisions"}],"predecessor-version":[{"id":4594,"href":"https:\/\/bluenautic.com\/index.php\/wp-json\/wp\/v2\/pages\/2656\/revisions\/4594"}],"wp:attachment":[{"href":"https:\/\/bluenautic.com\/index.php\/wp-json\/wp\/v2\/media?parent=2656"}],"curies":[{"name":"wp","href":"https:\/\/api.w.org\/{rel}","templated":true}]}}